emainder when 18463462 is divided by 18463439?
23
What is the remainder when 57922 is divided by 2671?
1831
What is the remainder when 142953 is divided by 2336?
457
What is the remainder when 1589600 is divided by 44155?
20
What is the remainder when 13240788 is divided by 634?
332
What is the remainder when 87533 is divided by 283?
86
Calculate the remainder when 6614 is divided by 5074.
1540
What is the remainder when 12069619 is divided by 1580?
1579
What is the remainder when 31471798 is divided by 7867940?
38
What is the remainder when 670427 is divided by 21599?
858
Calculate the remainder when 38786 is divided by 38764.
22
What is the remainder when 3088244 is divided by 25?
19
What is the remainder when 41814786 is divided by 343?
342
What is the remainder when 41188153 is divided by 5459?
5457
What is the remainder when 1603821 is divided by 6573?
9
What is the remainder when 768737 is divided by 5860?
1077
What is the remainder when 161989343 is divided by 49?
47
What is the remainder when 10667448 is divided by 2133487?
13
What is the remainder when 10444214 is divided by 454096?
6
What is the remainder when 193198 is divided by 7147?
229
What is the remainder when 1227894 is divided by 203?
150
Calculate the remainder when 22572 is divided by 3112.
788
What is the remainder when 31490907 is divided by 1485?
1482
What is the remainder when 23863134 is divided by 27?
21
Calculate the remainder when 1440504 is divided by 144050.
4
Calculate the remainder when 331511 is divided by 47301.
404
What is the remainder when 186131 is divided by 15264?
2963
What is the remainder when 80532 is divided by 1542?
348
What is the remainder when 15394873 is divided by 3078973?
8
Calculate the remainder when 224126 is divided by 224125.
1
Calculate the remainder when 2375209 is divided by 237519.
19
Calculate the remainder when 8398702 is divided by 1776.
1774
Calculate the remainder when 268848 is divided by 11689.
1
What is the remainder when 17386 is divided by 5706?
268
What is the remainder when 21095484 is divided by 129?
114
What is the remainder when 54172 is divided by 1127?
76
What is the remainder when 75541 is divided by 74760?
781
Calculate the remainder when 11810259 is divided by 70.
69
Calculate the remainder when 1338902 is divided by 111573.
26
What is the remainder when 264600 is divided by 262620?
1980
What is the remainder when 239599 is divided by 79835?
94
Calculate the remainder when 183571889 is divided by 67.
63
What is the remainder when 140083 is divided by 2558?
1951
What is the remainder when 1067793 is divided by 118642?
15
Calculate the remainder when 1027265 is divided by 625.
390
Calculate the remainder when 7543696 is divided by 276.
64
What is the remainder when 18609 is divided by 7103?
4403
What is the remainder when 3588646 is divided by 30?
16
Calculate the remainder when 10739869 is divided by 9.
7
Calculate the remainder when 10952651 is divided by 45636.
11
What is the remainder when 6606888 is divided by 287254?
46
Calculate the remainder when 79806645 is divided by 121.
6
Calculate the remainder when 338832 is divided by 28236.
0
What is the remainder when 1081016 is divided by 1914?
1520
Calculate the remainder when 262308 is divided by 36370.
7718
What is the remainder when 59467 is divided by 19801?
64
Calculate the remainder when 2891372 is divided by 2341.
237
What is the remainder when 1932124 is divided by 1636?
8
Calculate the remainder when 10060 is divided by 4802.
456
What is the remainder when 630606 is divided by 209878?
972
Calculate the remainder when 40499 is divided by 1563.
1424
What is the remainder when 710612 is divided by 355241?
130
Calculate the remainder when 120835 is divided by 24125.
210
What is the remainder when 21990046 is divided by 6?
4
Calculate the remainder when 40648590 is divided by 17312.
14
Calculate the remainder when 66192123 is divided by 858.
855
What is the remainder when 3746417 is divided by 2836?
61
Calculate the remainder when 512417933 is divided by 556.
549
What is the remainder when 18434 is divided by 3464?
1114
What is the remainder when 2994932 is divided by 27990?
2
Calculate the remainder when 954798 is divided by 233.
197
Calculate the remainder when 131492 is divided by 25978.
1602
What is the remainder when 6237593 is divided by 891074?
75
Calculate the remainder when 559286311 is divided by 568.
567
Calculate the remainder when 36030798 is divided by 3.
0
Calculate the remainder when 19261837 is divided by 150.
37
What is the remainder when 4282978 is divided by 68?
66
What is the remainder when 45732 is divided by 104?
76
Calculate the remainder when 32877693 is divided by 907.
757
What is the remainder when 5137532 is divided by 727?
550
Calculate the remainder when 1712467 is divided by 9156.
295
What is the remainder when 825604 is divided by 1314?
412
Calculate the remainder when 37827 is divided by 29959.
7868
Calculate the remainder when 10518 is divided by 9280.
1238
Calculate the remainder when 304401474 is divided by 5.
4
Calculate the remainder when 3407752 is divided by 1135816.
304
Calculate the remainder when 220328 is divided by 6264.
1088
Calculate the remainder when 66943 is divided by 22096.
655
Calculate the remainder when 931403 is divided by 2464.
11
What is the remainder when 97122 is divided by 467?
453
Calculate the remainder when 6084573 is divided by 80.
13
Calculate the remainder when 107501 is divided by 1606.
1505
What is the remainder when 70831 is divided by 1348?
735
What is the remainder when 873489 is divided by 36?
21
Calculate the remainder when 177826 is divided by 59245.
91
Calculate the remainder when 66508820 is divided by 22169605.
5
Calculate the remainder when 3454625 is divided by 493507.
76
Calculate the remainder when 47013324 is divided by 18089.
13
Calculate the remainder when 142191196 is divided by 82.
80
Calculate the remainder when 946116 is divided by 945689.
427
Calculate the remainder when 11642428 is divided by 6537.
31
Calculate the remainder when 1839913 is divided by 14838.
1
Calculate the remainder when 851487 is divided by 3063.
3036
Calculate the remainder when 643376 is divided by 321367.
642
Calculate the remainder when 17822555 is divided by 2054.
2051
What is the remainder when 3649315 is divided by 649?
637
Calculate the remainder when 1531 is divided by 1135.
396
Calculate the remainder when 5932260 is divided by 151.
74
Calculate the remainder when 21933182 is divided by 1456.
1454
Calculate the remainder when 4123479 is divided by 49680.
39
Calculate the remainder when 15572606 is divided by 9.
5
Calculate the remainder when 513714 is divided by 46700.
14
What is the remainder when 316468 is divided by 956?
32
What is the remainder when 11745576 is divided by 3915186?
18
What is the remainder when 11439249 is divided by 61?
41
What is the remainder when 50931 is divided by 6135?
1851
Calculate the remainder when 175645 is divided by 43765.
585
Calculate the remainder when 39326 is divided by 12176.
2798
What is the remainder when 57736159 is divided by 22?
19
What is the remainder when 9540829 is divided by 6399?
6319
What is the remainder when 333974 is divided by 591?
59
Calculate the remainder when 160329 is divided by 160230.
99
What is the remainder when 275373198 is divided by 50?
48
Calculate the remainder when 243319 is divided by 2097.
67
Calculate the remainder when 87047 is divided by 17402.
37
What is the remainder when 18630414 is divided by 3176?
3174
What is the remainder when 154351681 is divided by 13380?
1
What is the remainder when 1341890 is divided by 47?
40
Calculate the remainder when 259654 is divided by 124355.
10944
Calculate the remainder when 440064 is divided by 44000.
64
What is the remainder when 20421307 is divided by 752?
747
What is the remainder when 2429984325 is divided by 38?
35
What is the remainder when 1010315 is divided by 186?
149
Calculate the remainder when 58036140 is divided by 4549.
4547
What is the remainder when 411240 is divided by 68409?
786
What is the remainder when 1201338 is divided by 18770?
58
Calculate the remainder when 7584900 is divided by 2528295.
15
Calculate the remainder when 7162946 is divided by 280.
266